**2 + y - 1. Suppose w + 2*w = 2*k + 6, w - 4*k = 2. Let d be w - 12/12*(-1 - -1). Determine f(d).
-3
Let d(p) = -p**2 + 2*p. Let k be ((-27)/12)/(1/(-4)). Suppose 24 = k*h - 3. Determine d(h).
-3
Let t(d) be the third derivative of 3/8*d**4 - 14*d**2 + 0 + 1/3*d**3 + 0*d. Give t(-3).
-25
Let c(g) = -63*g - 14*g + 4*g**2 - g**3 + 0*g**3 + 90*g - 6 - 7*g. Determine c(5).
-1
Let d(g) = g**2 - 2*g + 6. Suppose -110*y = -116*y + 18. Give d(y).
9
Let f(d) = -d**3 - 5*d**2 + 2*d + 1. Suppose -3*p - 9 + 18 = 0. Suppose -4*h + 7*m - 2*m = 25, p*h - m + 16 = 0. Give f(h).
-9
Let l(h) = h**3 - 11*h**2 - 22*h + 17. Let i be l(12). Let k = 92 + i. Let a(f) = f**3 + 12*f**2 + 12*f - 4. Determine a(k).
-15
Let x be ((-3)/108)/(7/(42/(-2))). Let u(t) be the second derivative of 0 - 7/6*t**3 + x*t**4 + t - 3*t**2. What is u(7)?
-6
Let d(m) = 5*m**3 + 3*m**2 - m - 8. Let x(z) = 6*z**3 + 2*z**2 - z - 8. Let i(y) = 7*d(y) - 6*x(y). What is i(9)?
-17
Let j(g) be the third derivative of -g**6/40 - g**5/60 + g**4/12 + g**3/3 - 326*g**2. What is j(-1)?
2
Suppose -3*y + 468 = -0*y. Let j = y + -148. Let p(t) = -t**3 + 8*t**2 + 6. Give p(j).
6
Let g(q) = q**2 - 8*q + 5. Suppose 5*p - 3*i = i + 36, 5*i = -3*p + 29. Let w be g(p). Suppose -w = 2*o + 3. Let v(f) = f**2 + 6*f + 1. Calculate v(o).
-7
Let k = -27 - -29. Let x(d) = -3*d - k - 7*d - d + 5*d. What is x(2)?
-14
Let n(t) be the first derivative of -t**2/2 + t - 1. Suppose -2*y = -225 + 237, -3*h = -y + 3. Give n(h).
4
Let o(l) = -123735*l**3 - 1 + 123736*l**3 + l**2 - l + 0. Let p(u) = -u**2 - 4*u + 1. Let c be p(-2). Let y = c - 7. Calculate o(y).
-3
Let u = -1121 + 1123. Let q(w) = -w**3 + 3*w - 4. Determine q(u).
-6
Let k(s) = -s**3 - 57*s**2 + 9 + 58*s**2 + 7 - 2*s. Give k(0).
16
Let t(z) = -10*z + z**3 + 67*z**2 + 9 - 2*z**3 - 59*z**2. What is t(7)?
-12
Let k(m) = 26*m + 1. Let f(a) = 5*a. Let j(b) = 11*f(b) - 2*k(b). Suppose z + 4*q = -8 + 15, z - 1 = 2*q. Determine j(z).
7
Let d(y) = y**3 - 8*y**2 - 8*y - 5. Let k = -13 - -14. Let g = 10 - k. Give d(g).
4
Let k(u) be the first derivative of u**2 - 23*u - 414. Give k(14).
5
Let p(a) be the second derivative of a**4/24 + 4*a**3/3 + 5*a**2/2 + 3*a. Let y(v) be the first derivative of p(v). Determine y(-7).
1
Let c be (-17)/34 + (-15)/2. Let d(h) = -2*h**3 - 14*h**2 + 19*h + 20. Determine d(c).
-4
Let u(n) = 9*n**3 + 7*n**2 - 9*n - 9. Let d(z) = -20*z**3 - 15*z**2 + 19*z + 19. Let q(i) = -4*d(i) - 9*u(i). What is q(-4)?
1
Suppose 12*g + 747 = -633. Let q = -111 - g. Let b(l) = 6*l - 3. Give b(q).
21
Let b(d) = -44*d**2 - 222*d - 2. Let p be b(-5). Let q(x) = 2*x - 12. What is q(p)?
4
Let i(p) = -2*p - 6. Let h be i(-6). Let r be ((-1)/1)/(1/h). Let n(b) be the second derivative of b**3/6 + 9*b**2/2 - 430*b. Calculate n(r).
3
Let r(v) be the second derivative of 13*v**4/6 + v**2/2 - 75*v. What is r(-1)?
27
Let j(k) be the third derivative of -k**6/120 + k**4/8 - 2*k**3/3 - k**2. Suppose -3*v + 9 = 2*b - 7*b, 5*b - 5*v + 5 = 0. What is j(b)?
14
Let l(t) = -65*t + 68. Let p be l(1). Let o(j) be the third derivative of j**6/120 - j**5/30 - 5*j**4/24 + j**3/3 - 3*j**2. Calculate o(p).
-4
Let n(s) = -3*s**3 - 6*s**2 - 5*s - 5. Let o be n(-2). Let p(a) = -a**3 + 5*a**2 + a - 1. Calculate p(o).
4
Suppose 0 = -2*z + l + 16, z + 2*l + 18 = 3*z. Suppose -z*p + 2 = -40. Let o(b) = -2*b + 8. Determine o(p).
-4
Let a(p) = -2*p - 11. Let j be ((22 + -4)/3)/(-1). Let t be a(j). Let q(k) = 2*k + t + 4 + 4. What is q(-6)?
-3
Let m(g) = -g**2 - 5*g + 4. Let p be (-48)/40*(4 - -1). Determine m(p).
-2
Let r(u) = -2*u - 1. Let v(s) = 3*s + 1. Let f = 19 + -9. Suppose g + f = -g. Let h(t) = g*r(t) - 2*v(t). What is h(-2)?
-5
Suppose 0 = -659*g + 667*g + 24. Let d(f) = -9*f - 4. Determine d(g).
23
Let g be (-14 + 0)/((-3)/3). Let k = -21 + g. Let d be k/(-21)*1*3. Let z(s) = 3*s. Determine z(d).
3
Suppose -4*q - 9 = 3*h + 5, q + 1 = -2*h. Let t(f) = 7*f**2 - 4*f + 5. Let g be t(h). Let y = g + -23. Let k(b) = b**2 - 3*b + 2. Give k(y).
0
Let p(n) = 2*n**2 - n - 1. Suppose 17*w = 20*w - 3, 5*q + 7 = -3*w. What is p(q)?
9
Suppose -5*i - j + 11 + 4 = 0, -2*i - 2*j + 6 = 0. Let p(g) = 5*g**i - 6 - 6*g**3 + 6*g + 4*g**2 - 3*g - g. What is p(4)?
2
Let i(d) = -2*d**2 + 16*d + 8. Let j(v) = -3*v**2 + 19*v + 9. Let p(x) = 4*i(x) - 3*j(x). What is p(-3)?
-7
Let j = -1 + -1. Let i = -11 + 13. Let y(o) = -8*o**2 + 7*o**2 + o**i + 2*o**2 + 1. What is y(j)?
9
Let g(o) = 2*o + 2. Let l be (1 + 3)*(1 - 2). Calculate g(l).
-6
Let v(o) = 4*o - 1. Let i be v(1). Suppose -2*c = 3*c - 20. Let q(s) = -3*s + 5*s - c*s + 4 + 0*s. Determine q(i).
-2
Let i(k) = k**3 + 3*k**2 - 5*k + 14*k - 9 + 0*k - 4*k**2 - 8*k**2. Give i(8).
-1
Let a(g) = -g**3 - 6*g**2 - g + 4. Suppose 13 = 5*b + n, -2*b + 5*n - 6 = 5. Suppose -16 = b*h - 2*x, 3*h - 7*h + 2*x - 28 = 0. Determine a(h).
10
Let w(r) = 0 - 4*r**3 - 10*r**2 - 268*r + 3*r**3 - 4 + 265*r. Give w(-10).
26
Suppose -o + 2*l - 2 = -4, 2*o - 4 = 5*l. Suppose -4*s + 6 = -o. Let g be s - -4 - (4 + -3). Let i(d) = d - 9. Calculate i(g).
-4
Let r(y) = 3 - 5 - y**3 - 38*y + 38*y + 5*y**2. Suppose 4*q + 15 = -2*u - 5, -1 = -5*q + 4*u. Let x = q - -8. Give r(x).
-2
Let l(k) be the third derivative of -k**8/20160 + k**7/560 - k**6/180 + 7*k**5/10 - 33*k**2. Let w(d) be the third derivative of l(d). Calculate w(8).
4
Suppose 0 = -26*r + 17*r + 144. Suppose -z + 18 = 2*z. Let d(g) = 3*g + r - z*g + g + g. Calculate d(7).
9
Suppose 0 = 4*u - 0*z - 4*z - 16, 0 = -z. Suppose 70 = 3*o - u*h, -2*o + 4*h - 106 = -7*o. Let d = -19 + o. Let t(g) = g**3 - 2*g**2 - 4*g + 4. Give t(d).
1
Let a be (1 + 0)/((-2)/(-2)). Let p(h) = 15*h + 2. Let u(x) = -7*x - 1. Let w(r) = -3*p(r) - 7*u(r). What is w(a)?
5
Let g(m) = -m - 11. Suppose 9*n - 12*n = 30. Determine g(n).
-1
Let j(l) = l**2 - 3*l - 3. Suppose 0 = -5*s - 2 + 22, 0 = -5*d + 2*s + 12. Let h = d + -3. Let x be (-4 + (-1)/h)*-1. Determine j(x).
7
Suppose 6*t = 49 - 1. Let a(s) = -11*s**3 + 5*s**2 + 18*s - 24. Let w(r) = -5*r**3 + 3*r**2 + 9*r - 12. Let q(y) = 4*a(y) - 9*w(y). Calculate q(t).
4
Let u(j) be the first derivative of 3*j**2/2 - j - 491. Give u(-1).
-4
Let h(p) be the second derivative of -p**3/2 - p**2/2 - p. Let l(f) = 50*f + 198. Let y be l(-4). Calculate h(y).
5
Let t(g) be the first derivative of g**2/2 + 3*g - 170. What is t(6)?
9
Suppose -10 = -2*f, 2*y - f = -2 + 7. Let a(u) = 4 - u - 2 + 3. Give a(y).
0
Suppose -g - 3*f = -10, 12*f - 12 = -2*g + 10*f. Let y(x) = x**3 - 5*x**2 + 7*x - 10. What is y(g)?
2
Let n be 948/18 + 4/(-6). Let m(r) = -n + 0*r - r + 37. Give m(0).
-15
Suppose -3*d = -2*r, 5*r - 34 = 8*r + 4*d. Let b(m) = -m**3 + 2*m**2 + 48*m - 4. Give b(r).
-4
Let h be -4 + 1*(-1 + 13). Let v = h - 2. Let q(k) = -k**2 + 5*k - 3. Give q(v).
-9
Let c(j) = j + 7. Let k = 5 - -2. Suppose -k = -a - 2. Suppose -20 = -s + a*s. Give c(s).
2
Let f(b) = 2*b**2 - 6*b + 3. Let a = 9 + -8. Suppose a + 35 = 2*u. Suppose -z - 4*p = -6 - u, -p + 21 = 4*z. Give f(z).
11
Let w(f) = -f + 3. Let j be w(-1). Suppose q - 2*b = -4*b - 14, q - j*b - 10 = 0. Let a(u) = -u**2 - 7*u. Calculate a(q).
6
Suppose c - v = 3, -2*v = -3*c + 7 + 4. Suppose -3*a = -b + 13 - c, 0 = -4*a - b - 20. Let y(l) = l - 2. Give y(a).
-6
Let o(z) = 2*z**3 + 3*z**2 - 3*z - 4. Let q(k) = -k**3 + 2. Let f(n) = -o(n) - 3*q(n). Calculate f(2).
0
Let h(w) = -4*w - 10. Let y = -61 + 53. Calculate h(y).
22
Let a(w) = 2*w + 1. Let d be (-11)/44 + (-146)/(-8). Suppose k - 4 = h + 1, 2*h + d = 4*k. Let q(f) = f. Let r be q(h). Give a(r).
-1
Let r(a) = -a - 15. Let b = -66 - -104. Suppose -47 = j - b. What is r(j)?
-6
Let v(g) = g**3 + 8*g**2 - g - 12. Let h = -927 - -919. What is v(h)?
-4
Let x(j) = -j + 5. Let o = 47 - 47. Suppose 3*l + 5*p + o*p = 35, 4 = p. What is x(l)?
0
Let a(k) = -21*k - 1. Suppose 5 = -4*h + 5*n, -n + 3*n = 4*h - 10. Suppose 0 = -f - h + 6. Give a(f).
-22
Let y = 0 + 4. Let s(a) = -a + 1. Suppose 5*d - 3*d - 12 = -5*q, 16 = -3*d + q. Let k(l) = -l**2 - 4*l + 9. Let n(p) = d*s(p) + k(p). Determine n(y).
-11
Let f(d) = -350*d - 19 + 7 + 338*d - d**2. Calculate f(-9).
15
Let q(a) be the third derivative of a**6/120 - 11*a**5/60 - 11*a**4/24 - a**3/2 - 2*a**2 - 13*a. Calculate q(12).
9
Suppose -m + 5*m - 20 = 0. Let f be m/(-2)*(-12)/15. Sup